{"id":46,"date":"2020-03-20T08:41:38","date_gmt":"2020-03-20T08:41:38","guid":{"rendered":"http:\/\/anvagosa.com\/?page_id=46"},"modified":"2020-03-20T17:01:45","modified_gmt":"2020-03-20T17:01:45","slug":"invest-in-spain","status":"publish","type":"page","link":"https:\/\/anvagosa.com\/?page_id=46","title":{"rendered":"Invertir en Espa\u00f1a"},"content":{"rendered":"\n<div class=\"wp-block-cover has-background-dim\" style=\"background-image:url(http:\/\/anvagosa.com\/wp-content\/uploads\/2020\/03\/hotel-389256.jpg)\"><div class=\"wp-block-cover__inner-container\">\n<p style=\"text-align:center\" class=\"has-large-font-size\">En ANVAGOSA INVESTMENTS somos especialistas en la comercializaci\u00f3n de productos de inversi\u00f3n en Espa\u00f1a, principalmente en bienes ra\u00edces<\/p>\n<\/div><\/div>\n\n\n\n<p>La inversi\u00f3n extranjera en bienes inmuebles en Espa\u00f1a super\u00f3 los 20.000 millones de euros el a\u00f1o 2018 (a\u00fan no han sido publicadas las estad\u00edsticas de 2019), una cifra nada desde\u00f1able que demuestra el inter\u00e9s que despierta este sector de la econom\u00eda espa\u00f1ola en los inversores internacionales de cualquier tama\u00f1o. La solvencia del mercado inmobiliario espa\u00f1ol, la seguridad jur\u00eddica que ofrece un estado miembro de la Uni\u00f3n Europea y de la Organizaci\u00f3n para la Cooperaci\u00f3n y el Desarrollo Econ\u00f3micos (OCDE) y los indicadores de precios del pa\u00eds aseguran que una inversi\u00f3n en Espa\u00f1a es sin\u00f3nimo de rendimiento econ\u00f3mico a corto, medio y largo plazo.<\/p>\n\n\n\n<p>Seg\u00fan un reciente estudio de PwC, Madrid, la capital espa\u00f1ola, es la cuarta ciudad europea m\u00e1s atractiva para la inversi\u00f3n y el desarrollo del mercado inmobiliario, un atractivo al que se suma el de ciudades internacionalmente reconocidas como Barcelona, Sevilla, Toledo o Granada, entre otras, adem\u00e1s de las islas (tanto Baleares como Canarias) y la costa mediterr\u00e1nea. Tanto el sector residencial como el de oficinas viene experimentando importantes subidas durante el \u00faltimo lustro.<\/p>\n\n\n\n<p>La inversi\u00f3n en fincas r\u00fasticas para la instalaci\u00f3n de parques fotovoltaicos y en hoteles -tanto nuevos como ya construidos- ofrece importantes rendimientos econ\u00f3micos a quienes operan en el mercado apoyados por profesionales del sector de reconocida solvencia y experiencia. Cuente con nosotros si quiere invertir con seguridad en el mercado inmobiliario espa\u00f1ol. <\/p>\n\n\n\n<p>Si es propietario de bienes inmuebles u otro tipo de activos en Espa\u00f1a y desea que le ayudemos en su comercializaci\u00f3n y venta, p\u00f3ngase en contacto con nosotros, valoraremos su oferta y le facilitaremos un servicio profesional con el que obtener el mejor resultado posible.<\/p>\n","protected":false},"excerpt":{"rendered":"<p>La inversi\u00f3n extranjera en bienes inmuebles en Espa\u00f1a super\u00f3 los 20.000 millones de euros el a\u00f1o 2018 (a\u00fan no han &#8230;<\/p>\n","protected":false},"author":1,"featured_media":0,"parent":0,"menu_order":0,"comment_status":"closed","ping_status":"closed","template":"","meta":[],"_links":{"self":[{"href":"https:\/\/anvagosa.com\/index.php?rest_route=\/wp\/v2\/pages\/46"}],"collection":[{"href":"https:\/\/anvagosa.com\/index.php?rest_route=\/wp\/v2\/pages"}],"about":[{"href":"https:\/\/anvagosa.com\/index.php?rest_route=\/wp\/v2\/types\/page"}],"author":[{"embeddable":true,"href":"https:\/\/anvagosa.com\/index.php?rest_route=\/wp\/v2\/users\/1"}],"replies":[{"embeddable":true,"href":"https:\/\/anvagosa.com\/index.php?rest_route=%2Fwp%2Fv2%2Fcomments&post=46"}],"version-history":[{"count":11,"href":"https:\/\/anvagosa.com\/index.php?rest_route=\/wp\/v2\/pages\/46\/revisions"}],"predecessor-version":[{"id":129,"href":"https:\/\/anvagosa.com\/index.php?rest_route=\/wp\/v2\/pages\/46\/revisions\/129"}],"wp:attachment":[{"href":"https:\/\/anvagosa.com\/index.php?rest_route=%2Fwp%2Fv2%2Fmedia&parent=46"}],"curies":[{"name":"wp","href":"https:\/\/api.w.org\/{rel}","templated":true}]}}