{"id":66,"date":"2020-03-20T15:22:06","date_gmt":"2020-03-20T15:22:06","guid":{"rendered":"http:\/\/anvagosa.com\/?page_id=66"},"modified":"2020-03-20T16:41:03","modified_gmt":"2020-03-20T16:41:03","slug":"mas-inversiones","status":"publish","type":"page","link":"https:\/\/anvagosa.com\/?page_id=66","title":{"rendered":"M\u00e1s inversiones"},"content":{"rendered":"\n<div class=\"wp-block-cover has-background-dim\" style=\"background-image:url(http:\/\/anvagosa.com\/wp-content\/uploads\/2020\/03\/gold-2048295_1920.jpg)\"><div class=\"wp-block-cover__inner-container\">\n<p style=\"text-align:center\" class=\"has-large-font-size\"> <strong><em>ANVAGOSA INVESMENTS<\/em><\/strong> <\/p>\n\n\n\n<h3>Le ayudamos a invertir de forma inteligente, segura y eficaz en todo tipo de activos, inversiones, bienes o derechos<\/h3>\n<\/div><\/div>\n\n\n\n<p>Aunque somos especialistas en bienes ra\u00edces ubicados en Europa Occidental y Am\u00e9rica Latina, contamos con una amplia red de colaboradores que nos permite llegar a cualquier lugar del mundo para favorecer el desarrollo de toda suerte de negocios, tanto inmobiliarios como de otro tipo de activos, bienes o derechos capaces de generar beneficios para los inversores.<\/p>\n\n\n\n<p>Vivimos en un mundo globalizado donde la f\u00e1cil circulaci\u00f3n de capitales, empresas e incluso de bienes productivos ofrece al inversor avezado oportunidades de negocio en cualquier momento y en cualquier lugar del planeta, debiendo estar atentos a las novedades que puedan ir surgiendo y, sobre todo, contar con informaci\u00f3n y asesoramiento expertos, ya que es la \u00fanica forma de asegurar la inversi\u00f3n. <\/p>\n\n\n\n<p><em><strong>ANVAGOSA INVESTMENTS<\/strong><\/em> pone a su disposici\u00f3n toda nuestra experiencia y toda la informaci\u00f3n que nos facilitan nuestros colaboradores, personas y empresas de reconocido prestigio y solvencia t\u00e9cnica gracias a las cuales podemos ofrecer un servicio \u00e1gil, serio y riguroso. Contacte con nosotros antes de invertir su capital, podemos ofrecerle productos de m\u00e1xima calidad con los que obtener los mejores resultados econ\u00f3micos. <\/p>\n\n\n\n<p>Si quiere comercializar sus bienes, inversiones u otro tipo de producto, contacte con nosotros y le ayudaremos a generar negocio, trabaje con profesionales del sector con gran experiencia y una s\u00f3lida y formaci\u00f3n continua.<\/p>\n","protected":false},"excerpt":{"rendered":"<p>Aunque somos especialistas en bienes ra\u00edces ubicados en Europa Occidental y Am\u00e9rica Latina, contamos con una amplia red de colaboradores &#8230;<\/p>\n","protected":false},"author":1,"featured_media":0,"parent":0,"menu_order":0,"comment_status":"closed","ping_status":"closed","template":"","meta":[],"_links":{"self":[{"href":"https:\/\/anvagosa.com\/index.php?rest_route=\/wp\/v2\/pages\/66"}],"collection":[{"href":"https:\/\/anvagosa.com\/index.php?rest_route=\/wp\/v2\/pages"}],"about":[{"href":"https:\/\/anvagosa.com\/index.php?rest_route=\/wp\/v2\/types\/page"}],"author":[{"embeddable":true,"href":"https:\/\/anvagosa.com\/index.php?rest_route=\/wp\/v2\/users\/1"}],"replies":[{"embeddable":true,"href":"https:\/\/anvagosa.com\/index.php?rest_route=%2Fwp%2Fv2%2Fcomments&post=66"}],"version-history":[{"count":47,"href":"https:\/\/anvagosa.com\/index.php?rest_route=\/wp\/v2\/pages\/66\/revisions"}],"predecessor-version":[{"id":119,"href":"https:\/\/anvagosa.com\/index.php?rest_route=\/wp\/v2\/pages\/66\/revisions\/119"}],"wp:attachment":[{"href":"https:\/\/anvagosa.com\/index.php?rest_route=%2Fwp%2Fv2%2Fmedia&parent=66"}],"curies":[{"name":"wp","href":"https:\/\/api.w.org\/{rel}","templated":true}]}}